{"id":5408,"date":"2024-03-06T17:02:31","date_gmt":"2024-03-06T16:02:31","guid":{"rendered":"https:\/\/www.chateaudelarocheguyon.fr\/le-chateau-se-livre\/?page_id=5408"},"modified":"2025-05-15T12:13:53","modified_gmt":"2025-05-15T10:13:53","slug":"documentation","status":"publish","type":"page","link":"https:\/\/www.chateaudelarocheguyon.fr\/le-chateau-se-livre\/documentation\/","title":{"rendered":"Documentation"},"content":{"rendered":"<p>[vc_row content_placement=&#8221;middle&#8221; row_content_width=&#8221;grid&#8221; content_text_aligment=&#8221;center&#8221; css=&#8221;.vc_custom_1572272203446{padding-top: 147px !important;padding-bottom: 51px !important;}&#8221;][vc_column]<div class=\"eltdf-section-title-holder   eltdf-st-decorative-line\" >\n\t<div class=\"eltdf-st-inner\">\n        \t\t\t\t\t<h2 class=\"eltdf-st-title\" >\n    <span class=\"eltdf-st-title-inner\"><span class=\"eltdf-st-side-line-left\" ><\/span>DOCUMENTATION<span class=\"eltdf-st-side-line-right\" ><\/span><\/span>\n\t\t\t<\/h2>\n\t\t\t\t\t\t\t<\/div>\n<\/div>[vc_row_inner][vc_column_inner][vc_empty_space height=&#8221;53px&#8221;][vc_column_text]Vous souhaitez parler du festival ? Retrouvez ici tous les outils utiles ![\/vc_column_text][\/vc_column_inner][\/vc_row_inner][\/vc_column][\/vc_row][vc_row content_placement=&#8221;top&#8221; row_content_width=&#8221;grid&#8221; content_text_aligment=&#8221;left&#8221; css=&#8221;.vc_custom_1569829789330{padding-bottom: 160px !important;}&#8221;][vc_column offset=&#8221;vc_col-lg-offset-0 vc_col-lg-12 vc_col-md-offset-0 vc_col-md-12 vc_col-sm-offset-0 vc_col-xs-12&#8243;]<div class=\"eltdf-elements-holder   eltdf-two-columns  eltdf-responsive-mode-1024 eltdf-one-column-alignment-left\" ><div class=\"eltdf-eh-item  eltdf-vertical-alignment-top  \"  data-item-class=\"eltdf-eh-custom-5443\" data-1400-1600=\"0 30px 0 0\" data-1025-1399=\"0 30px 0 0\" data-769-1024=\"0 0 80px 0\" data-681-768=\"0 0 80px 0\" data-680=\"0 0 80px 0\">\n\t<div class=\"eltdf-eh-item-inner\">\n\t\t<div class=\"eltdf-eh-item-content eltdf-eh-custom-5443\" style=\"padding: 0 30px 0 0\">\n\t\t\t<div class=\"eltdf-accordion-holder eltdf-ac-default  eltdf-accordion eltdf-ac-simple  clearfix\">\n\t<h6 class=\"eltdf-accordion-title\">\n    <span class=\"eltdf-accordion-mark\">\n\t\t<span class=\"eltdf_icon_plus icon_plus\"><\/span>\n\t\t<span class=\"eltdf_icon_minus icon_minus-06\"><\/span>\n\t<\/span>\n\t<span class=\"eltdf-tab-title\">Espace Presse<\/span>\n<\/h6>\n<div class=\"eltdf-accordion-content\">\n\t<div class=\"eltdf-accordion-content-inner\">\n\t\t[vc_column_text]<strong><a href=\"https:\/\/www.chateaudelarocheguyon.fr\/le-chateau-se-livre\/wp-content\/uploads\/2019\/09\/COMMUNIQUE-DE-PRESSE-Le-Chateau-se-Livre-2025_Temps-forts_BD.pdf\" target=\"_blank\" rel=\"noopener\">T\u00e9l\u00e9charger le communiqu\u00e9 de presse<\/a><\/strong><\/p>\n<p>&nbsp;<\/p>\n<p>Contact presse : Amand Berteigne<br \/>\nAmand Berteigne &amp; Co<br \/>\n06 84 28 80 65<br \/>\namand.berteigne@orange.fr[\/vc_column_text][vc_empty_space height=&#8221;18px&#8221;]\t<\/div>\n<\/div><h6 class=\"eltdf-accordion-title\">\n    <span class=\"eltdf-accordion-mark\">\n\t\t<span class=\"eltdf_icon_plus icon_plus\"><\/span>\n\t\t<span class=\"eltdf_icon_minus icon_minus-06\"><\/span>\n\t<\/span>\n\t<span class=\"eltdf-tab-title\">Kit communication<\/span>\n<\/h6>\n<div class=\"eltdf-accordion-content\">\n\t<div class=\"eltdf-accordion-content-inner\">\n\t\t[vc_column_text]<a href=\"https:\/\/www.chateaudelarocheguyon.fr\/le-chateau-se-livre\/wp-content\/uploads\/2019\/09\/Affiche-LCSL-2025.pdf\" target=\"_blank\" rel=\"noopener\"><b>T\u00e9l\u00e9charger l&#8217;affiche du festival\u00a0<\/b><\/a><\/p>\n<p><a href=\"https:\/\/www.chateaudelarocheguyon.fr\/le-chateau-se-livre\/wp-content\/uploads\/2019\/09\/Flyer-A6-Le-chateau-se-livre-2025.pdf\" target=\"_blank\" rel=\"noopener\"><strong>T\u00e9l\u00e9charger le flyer du festival<\/strong><\/a><\/p>\n<p><a href=\"https:\/\/www.chateaudelarocheguyon.fr\/le-chateau-se-livre\/wp-content\/uploads\/2019\/09\/Marque-Page-2025.pdf\" target=\"_blank\" rel=\"noopener\"><strong>T\u00e9l\u00e9charger le marque-page<\/strong><\/a>[\/vc_column_text][vc_empty_space height=&#8221;18px&#8221;]\t<\/div>\n<\/div><\/div>[vc_empty_space height=&#8221;50px&#8221;]\t\t<\/div>\n\t<\/div>\n<\/div><div class=\"eltdf-eh-item  eltdf-vertical-alignment-top  \"  data-item-class=\"eltdf-eh-custom-6007\" data-1400-1600=\"18px 0 0 30px\" data-1025-1399=\"18px 0 0 30px\" data-769-1024=\"0 0 0 0\" data-681-768=\"0 0 0 0\" data-680=\"0 0 0 0\">\n\t<div class=\"eltdf-eh-item-inner\">\n\t\t<div class=\"eltdf-eh-item-content eltdf-eh-custom-6007\" style=\"padding: 18px 0 0 30px\">\n\t\t\t<div class=\"eltdf-single-image-holder    eltdf-image-animation-horizontal\">\n    <div class=\"eltdf-si-inner\" >\n                                                            <\/div>\n<\/div>\t\t<\/div>\n\t<\/div>\n<\/div><\/div>[\/vc_column][\/vc_row]<\/p>\n","protected":false},"excerpt":{"rendered":"<p>[vc_row content_placement=&#8221;middle&#8221; row_content_width=&#8221;grid&#8221; content_text_aligment=&#8221;center&#8221; css=&#8221;.vc_custom_1572272203446{padding-top: 147px !important;padding-bottom: 51px !important;}&#8221;][vc_column][vc_row_inner][vc_column_inner][vc_empty_space height=&#8221;53px&#8221;][vc_column_text]Vous souhaitez parler du festival ? Retrouvez ici tous les outils utiles ![\/vc_column_text][\/vc_column_inner][\/vc_row_inner][\/vc_column][\/vc_row][vc_row content_placement=&#8221;top&#8221; row_content_width=&#8221;grid&#8221; content_text_aligment=&#8221;left&#8221; css=&#8221;.vc_custom_1569829789330{padding-bottom: 160px !important;}&#8221;][vc_column offset=&#8221;vc_col-lg-offset-0 vc_col-lg-12 vc_col-md-offset-0 vc_col-md-12 vc_col-sm-offset-0 vc_col-xs-12&#8243;][\/vc_column][\/vc_row]<\/p>\n","protected":false},"author":1,"featured_media":0,"parent":0,"menu_order":0,"comment_status":"closed","ping_status":"closed","template":"full-width.php","meta":{"footnotes":""},"class_list":["post-5408","page","type-page","status-publish","hentry"],"_links":{"self":[{"href":"https:\/\/www.chateaudelarocheguyon.fr\/le-chateau-se-livre\/wp-json\/wp\/v2\/pages\/5408","targetHints":{"allow":["GET"]}}],"collection":[{"href":"https:\/\/www.chateaudelarocheguyon.fr\/le-chateau-se-livre\/wp-json\/wp\/v2\/pages"}],"about":[{"href":"https:\/\/www.chateaudelarocheguyon.fr\/le-chateau-se-livre\/wp-json\/wp\/v2\/types\/page"}],"author":[{"embeddable":true,"href":"https:\/\/www.chateaudelarocheguyon.fr\/le-chateau-se-livre\/wp-json\/wp\/v2\/users\/1"}],"replies":[{"embeddable":true,"href":"https:\/\/www.chateaudelarocheguyon.fr\/le-chateau-se-livre\/wp-json\/wp\/v2\/comments?post=5408"}],"version-history":[{"count":18,"href":"https:\/\/www.chateaudelarocheguyon.fr\/le-chateau-se-livre\/wp-json\/wp\/v2\/pages\/5408\/revisions"}],"predecessor-version":[{"id":5548,"href":"https:\/\/www.chateaudelarocheguyon.fr\/le-chateau-se-livre\/wp-json\/wp\/v2\/pages\/5408\/revisions\/5548"}],"wp:attachment":[{"href":"https:\/\/www.chateaudelarocheguyon.fr\/le-chateau-se-livre\/wp-json\/wp\/v2\/media?parent=5408"}],"curies":[{"name":"wp","href":"https:\/\/api.w.org\/{rel}","templated":true}]}}

<p>[vc_row content_placement=&#8221;middle&#8221; row_content_width=&#8221;grid&#8221; content_text_aligment=&#8221;center&#8221; css=&#8221;.vc_custom_1572272203446{padding-top: 147px !important;padding-bottom: 51px !important;}&#8221;][vc_column]<div class="eltdf-section-title-holder   eltdf-st-decorative-line" >
	<div class="eltdf-st-inner">
        					<h2 class="eltdf-st-title" >
    <span class="eltdf-st-title-inner"><span class="eltdf-st-side-line-left" ></span>DOCUMENTATION<span class="eltdf-st-side-line-right" ></span></span>
			</h2>
							</div>
</div>[vc_row_inner][vc_column_inner][vc_empty_space height=&#8221;53px&#8221;][vc_column_text]Vous souhaitez parler du festival ? Retrouvez ici tous les outils utiles ![/vc_column_text][/vc_column_inner][/vc_row_inner][/vc_column][/vc_row][vc_row content_placement=&#8221;top&#8221; row_content_width=&#8221;grid&#8221; content_text_aligment=&#8221;left&#8221; css=&#8221;.vc_custom_1569829789330{padding-bottom: 160px !important;}&#8221;][vc_column offset=&#8221;vc_col-lg-offset-0 vc_col-lg-12 vc_col-md-offset-0 vc_col-md-12 vc_col-sm-offset-0 vc_col-xs-12&#8243;]<div class="eltdf-elements-holder   eltdf-two-columns  eltdf-responsive-mode-1024 eltdf-one-column-alignment-left" ><div class="eltdf-eh-item  eltdf-vertical-alignment-top  "  data-item-class="eltdf-eh-custom-5443" data-1400-1600="0 30px 0 0" data-1025-1399="0 30px 0 0" data-769-1024="0 0 80px 0" data-681-768="0 0 80px 0" data-680="0 0 80px 0">
	<div class="eltdf-eh-item-inner">
		<div class="eltdf-eh-item-content eltdf-eh-custom-5443" style="padding: 0 30px 0 0">
			<div class="eltdf-accordion-holder eltdf-ac-default  eltdf-accordion eltdf-ac-simple  clearfix">
	<h6 class="eltdf-accordion-title">
    <span class="eltdf-accordion-mark">
		<span class="eltdf_icon_plus icon_plus"></span>
		<span class="eltdf_icon_minus icon_minus-06"></span>
	</span>
	<span class="eltdf-tab-title">Espace Presse</span>
</h6>
<div class="eltdf-accordion-content">
	<div class="eltdf-accordion-content-inner">
		[vc_column_text]<strong><a href="https://www.chateaudelarocheguyon.fr/le-chateau-se-livre/wp-content/uploads/2019/09/COMMUNIQUE-DE-PRESSE-Le-Chateau-se-Livre-2025_Temps-forts_BD.pdf" target="_blank" rel="noopener">Télécharger le communiqué de presse</a></strong></p>
<p>&nbsp;</p>
<p>Contact presse : Amand Berteigne<br />
Amand Berteigne &amp; Co<br />
06 84 28 80 65<br />
amand.berteigne@orange.fr[/vc_column_text][vc_empty_space height=&#8221;18px&#8221;]	</div>
</div><h6 class="eltdf-accordion-title">
    <span class="eltdf-accordion-mark">
		<span class="eltdf_icon_plus icon_plus"></span>
		<span class="eltdf_icon_minus icon_minus-06"></span>
	</span>
	<span class="eltdf-tab-title">Kit communication</span>
</h6>
<div class="eltdf-accordion-content">
	<div class="eltdf-accordion-content-inner">
		[vc_column_text]<a href="https://www.chateaudelarocheguyon.fr/le-chateau-se-livre/wp-content/uploads/2019/09/Affiche-LCSL-2025.pdf" target="_blank" rel="noopener"><b>Télécharger l&#8217;affiche du festival </b></a></p>
<p><a href="https://www.chateaudelarocheguyon.fr/le-chateau-se-livre/wp-content/uploads/2019/09/Flyer-A6-Le-chateau-se-livre-2025.pdf" target="_blank" rel="noopener"><strong>Télécharger le flyer du festival</strong></a></p>
<p><a href="https://www.chateaudelarocheguyon.fr/le-chateau-se-livre/wp-content/uploads/2019/09/Marque-Page-2025.pdf" target="_blank" rel="noopener"><strong>Télécharger le marque-page</strong></a>[/vc_column_text][vc_empty_space height=&#8221;18px&#8221;]	</div>
</div></div>[vc_empty_space height=&#8221;50px&#8221;]		</div>
	</div>
</div><div class="eltdf-eh-item  eltdf-vertical-alignment-top  "  data-item-class="eltdf-eh-custom-6007" data-1400-1600="18px 0 0 30px" data-1025-1399="18px 0 0 30px" data-769-1024="0 0 0 0" data-681-768="0 0 0 0" data-680="0 0 0 0">
	<div class="eltdf-eh-item-inner">
		<div class="eltdf-eh-item-content eltdf-eh-custom-6007" style="padding: 18px 0 0 30px">
			<div class="eltdf-single-image-holder    eltdf-image-animation-horizontal">
    <div class="eltdf-si-inner" >
                                                            </div>
</div>		</div>
	</div>
</div></div>[/vc_column][/vc_row]</p>
