{"id":1054,"date":"2019-09-24T14:50:13","date_gmt":"2019-09-24T14:50:13","guid":{"rendered":"https:\/\/musea.qodeinteractive.com\/?page_id=1054"},"modified":"2025-07-06T12:24:47","modified_gmt":"2025-07-06T10:24:47","slug":"prix-des-lecteurs","status":"publish","type":"page","link":"https:\/\/www.chateaudelarocheguyon.fr\/le-chateau-se-livre\/prix-des-lecteurs\/","title":{"rendered":"Prix des lecteurs"},"content":{"rendered":"<p>[vc_row content_placement=&#8221;middle&#8221; row_content_width=&#8221;grid&#8221; content_text_aligment=&#8221;center&#8221; css=&#8221;.vc_custom_1572272203446{padding-top: 147px !important;padding-bottom: 51px !important;}&#8221;][vc_column]<div class=\"eltdf-section-title-holder   eltdf-st-decorative-line\" >\n\t<div class=\"eltdf-st-inner\">\n        \t\t\t\t\t<h2 class=\"eltdf-st-title\" >\n    <span class=\"eltdf-st-title-inner\"><span class=\"eltdf-st-side-line-left\" ><\/span>PRIX DES LECTEURS<span class=\"eltdf-st-side-line-right\" ><\/span><\/span>\n\t\t\t<\/h2>\n\t\t\t\t\t\t\t<p class=\"eltdf-st-text\" style=\"font-size: 19px;line-height: 28px;margin: 13px 0 0 0\">\n\t\t\t\tLISEZ, VOTEZ, RENCONTREZ LES AUTEURS DANS VOS BIBLIOTH\u00c8QUES ET AU CH\u00c2TEAU !\t\t\t<\/p>\n\t\t\t\t\t<\/div>\n<\/div>[vc_row_inner][vc_column_inner][vc_empty_space height=&#8221;53px&#8221;][vc_column_text]<\/p>\n<p style=\"text-align: left;\">Le festival de litt\u00e9rature \u00ab Le Ch\u00e2teau se Livre \u00bb organise pour la deuxi\u00e8me fois un Prix des Lecteurs en partenariat avec des biblioth\u00e8ques, m\u00e9diath\u00e8ques, foyers ruraux et communes des d\u00e9partements du Val d\u2019Oise, des Yvelines et de l\u2019Eure.<\/p>\n<p style=\"text-align: left;\"><strong>4 ouvrages soumis au vote des lecteurs \u00e0 partir de mai<\/strong><\/p>\n<p>Les quatre titres s\u00e9lectionn\u00e9s,\u00a0<em>La baronne perch\u00e9e<\/em> de Delphine Bertholon (\u00e9ditions Buchet-Chastel), <em>Une \u00eele pour elle\u00a0<\/em>d\u2019Anne-Solange Muis (\u00e9ditions Ph\u00e9bus), <em>Un jardin pour royaume<\/em> de Gwena\u00eble Robert (Les Presses de la Cit\u00e9) et <em>Apr\u00e8s la brume\u00a0<\/em>d\u2019Estelle Rocchitelli (\u00e9ditions Dalva) sont disponibles \u00e0 la lecture dans les librairies et les structures partenaires du Prix des lecteurs !<\/p>\n<p style=\"text-align: left;\">La remise des prix s&#8217;est d\u00e9roul\u00e9e au Ch\u00e2teau de La Roche-Guyon en pr\u00e9sence des quatre finalistes, samedi 5 juillet 2025.<\/p>\n<p style=\"text-align: left;\"><strong>La laur\u00e9ate de cette deuxi\u00e8me \u00e9dition du Prix des lecteurs <em>Le Ch\u00e2teau se Livre<\/em>\u00a0est Anne-Solange Muis, autrice du livre <em>Une \u00eele pour elle<\/em> !<\/strong><\/p>\n<p><img loading=\"lazy\" decoding=\"async\" class=\"aligncenter wp-image-6146\" src=\"https:\/\/www.chateaudelarocheguyon.fr\/le-chateau-se-livre\/wp-content\/uploads\/2019\/09\/laureate-2025-214x300.jpg\" alt=\"\" width=\"360\" height=\"504\" srcset=\"https:\/\/www.chateaudelarocheguyon.fr\/le-chateau-se-livre\/wp-content\/uploads\/2019\/09\/laureate-2025-214x300.jpg 214w, https:\/\/www.chateaudelarocheguyon.fr\/le-chateau-se-livre\/wp-content\/uploads\/2019\/09\/laureate-2025-731x1024.jpg 731w, https:\/\/www.chateaudelarocheguyon.fr\/le-chateau-se-livre\/wp-content\/uploads\/2019\/09\/laureate-2025-768x1075.jpg 768w, https:\/\/www.chateaudelarocheguyon.fr\/le-chateau-se-livre\/wp-content\/uploads\/2019\/09\/laureate-2025-1097x1536.jpg 1097w, https:\/\/www.chateaudelarocheguyon.fr\/le-chateau-se-livre\/wp-content\/uploads\/2019\/09\/laureate-2025-1463x2048.jpg 1463w, https:\/\/www.chateaudelarocheguyon.fr\/le-chateau-se-livre\/wp-content\/uploads\/2019\/09\/laureate-2025-scaled.jpg 1829w\" sizes=\"auto, (max-width: 360px) 100vw, 360px\" \/>[\/vc_column_text][vc_empty_space height=&#8221;53px&#8221;][\/vc_column_inner][\/vc_row_inner][vc_empty_space height=&#8221;53px&#8221;][vc_row_inner][vc_column_inner width=&#8221;1\/4&#8243;][vc_single_image image=&#8221;5993&#8243; img_size=&#8221;full&#8221;][\/vc_column_inner][vc_column_inner width=&#8221;1\/4&#8243;][vc_single_image image=&#8221;6046&#8243; img_size=&#8221;full&#8221;][\/vc_column_inner][vc_column_inner width=&#8221;1\/4&#8243;][vc_single_image image=&#8221;5992&#8243; img_size=&#8221;full&#8221;][\/vc_column_inner][vc_column_inner width=&#8221;1\/4&#8243;][vc_single_image image=&#8221;5846&#8243; img_size=&#8221;full&#8221;][\/vc_column_inner][\/vc_row_inner][\/vc_column][\/vc_row][vc_row content_placement=&#8221;top&#8221; row_content_width=&#8221;grid&#8221; content_text_aligment=&#8221;left&#8221; css=&#8221;.vc_custom_1744962962923{padding-top: 0px !important;padding-bottom: 50px !important;}&#8221;][vc_column width=&#8221;2\/3&#8243; offset=&#8221;vc_col-lg-offset-0 vc_col-lg-12 vc_col-md-offset-0 vc_col-md-12 vc_col-sm-offset-0 vc_col-xs-12&#8243;]<div class=\"eltdf-accordion-holder eltdf-ac-default  eltdf-toggle eltdf-ac-simple  clearfix\">\n\t<h6 class=\"eltdf-accordion-title\">\n    <span class=\"eltdf-accordion-mark\">\n\t\t<span class=\"eltdf_icon_plus icon_plus\"><\/span>\n\t\t<span class=\"eltdf_icon_minus icon_minus-06\"><\/span>\n\t<\/span>\n\t<span class=\"eltdf-tab-title\">La Baronne perch\u00e9e<\/span>\n<\/h6>\n<div class=\"eltdf-accordion-content\">\n\t<div class=\"eltdf-accordion-content-inner\">\n\t\t[vc_column_text]<em><strong>La Baronne perch\u00e9e <\/strong><\/em><strong>de Delphine Bertholon (\u00e9ditions Buchet-Chastel)<\/strong><\/p>\n<p><strong>R\u00e9sum\u00e9<\/strong> : Un briquet pour le feu, des provisions, des v\u00eatements, de l&#8217;eau. Alors que ses camarades prennent la route des vacances, Billie a d\u00e9cid\u00e9 de prendre le large. Inspir\u00e9e par sa lecture du Baron perch\u00e9, elle s&#8217;installe dans une cabane au milieu des arbres, dans un parc d&#8217;accrobranche d\u00e9saffect\u00e9 face \u00e0 l&#8217;oc\u00e9an. Que fuit-elle ? Elle ne le sait pas bien elle-m\u00eame. Sans doute, l&#8217;indiff\u00e9rence de L\u00e9o, son p\u00e8re, enferm\u00e9 dans le chagrin. Quand ce dernier d\u00e9couvre la disparition de sa fille, il ne sait par o\u00f9 commencer, tant le foss\u00e9 entre eux s&#8217;est creus\u00e9. Alors que Billie attend, dans son refuge de feuilles, elle est approch\u00e9e par un inconnu, qui la cherche pour d&#8217;autres raisons. Avec la sensibilit\u00e9 et le souffle qui caract\u00e9risent son \u00e9criture, Delphine Bertholon signe avec La Baronne perch\u00e9e une ode \u00e0 l&#8217;\u00e9nergie de la jeunesse et un \u00e9mouvant roman sur nos racines, qu&#8217;elles nous portent ou nous enferment.[\/vc_column_text][vc_empty_space height=&#8221;18px&#8221;]\t<\/div>\n<\/div><h6 class=\"eltdf-accordion-title\">\n    <span class=\"eltdf-accordion-mark\">\n\t\t<span class=\"eltdf_icon_plus icon_plus\"><\/span>\n\t\t<span class=\"eltdf_icon_minus icon_minus-06\"><\/span>\n\t<\/span>\n\t<span class=\"eltdf-tab-title\">Une \u00eele pour elle<\/span>\n<\/h6>\n<div class=\"eltdf-accordion-content\">\n\t<div class=\"eltdf-accordion-content-inner\">\n\t\t[vc_column_text]<strong><em>Une \u00eele pour elle <\/em>d\u2019Anne-Solange Muis (\u00e9ditions Ph\u00e9bus)<\/strong><\/p>\n<p><strong>R\u00e9sum\u00e9<\/strong> : Apr\u00e8s la fin des terres, au large de Concaneau, se trouve une toute petite \u00eele appel\u00e9e l&#8217;\u00eele aux Moutons. Louise, jeune g\u00e9ographe, d\u00e9cide de s&#8217;y \u00e9tablir pendant quelques semaines avec, pour seule compagnie, une colonie d&#8217;hirondelles de mer. Un confort spartiate, sans eau, sans \u00e9lectricit\u00e9, dans une cabane de fortune. Une exp\u00e9rience totale. Au c\u0153ur de la nature \u00e0 l&#8217;\u00e9tat brut, elle fera la rencontre de sa vie : celle d&#8217;elle avec elle-m\u00eame.[\/vc_column_text][vc_empty_space height=&#8221;18px&#8221;]\t<\/div>\n<\/div><h6 class=\"eltdf-accordion-title\">\n    <span class=\"eltdf-accordion-mark\">\n\t\t<span class=\"eltdf_icon_plus icon_plus\"><\/span>\n\t\t<span class=\"eltdf_icon_minus icon_minus-06\"><\/span>\n\t<\/span>\n\t<span class=\"eltdf-tab-title\">Un jardin pour royaume<\/span>\n<\/h6>\n<div class=\"eltdf-accordion-content\">\n\t<div class=\"eltdf-accordion-content-inner\">\n\t\t[vc_column_text]<strong><i>Un jardin pour royaume<\/i> de Gwena\u00eble Robert (\u00e9ditions Les Presses de la Cit\u00e9)<\/strong><\/p>\n<p><strong>R\u00e9sum\u00e9<\/strong> : Un jardin pour royaume explore le th\u00e8me universel de la fin de l&#8217;enfance et la fragilit\u00e9 des utopies familiales. Au d\u00e9part de sa derni\u00e8re fille, la narratrice revient dans le Pays de Valois, au ch\u00e2teau d&#8217;Ermenonville. C&#8217;est l\u00e0, \u00e0 la lisi\u00e8re du parc o\u00f9 Rousseau v\u00e9cut ses derniers jours, que ses parents ont choisi de s&#8217;installer dans les ann\u00e9es 1980 pour \u00e9lever leurs enfants \u00e0 l&#8217;\u00e9cart de l&#8217;effervescence du si\u00e8cle, au plus pr\u00e8s de la nature. Mais peut-on vraiment \u00e9chapper \u00e0 la course du monde ? Pendant dix jours, elle va arpenter les vestiges de cette utopie et se laisser submerger par le temps de l&#8217;enfance. Non pas pour s&#8217;en imposer le deuil, mais pour lui redonner sa vraie place. Un roman d&#8217;une sinc\u00e9rit\u00e9 bouleversante.[\/vc_column_text][vc_empty_space height=&#8221;18px&#8221;]\t<\/div>\n<\/div><h6 class=\"eltdf-accordion-title\">\n    <span class=\"eltdf-accordion-mark\">\n\t\t<span class=\"eltdf_icon_plus icon_plus\"><\/span>\n\t\t<span class=\"eltdf_icon_minus icon_minus-06\"><\/span>\n\t<\/span>\n\t<span class=\"eltdf-tab-title\">Apr\u00e8s la brume<\/span>\n<\/h6>\n<div class=\"eltdf-accordion-content\">\n\t<div class=\"eltdf-accordion-content-inner\">\n\t\t[vc_column_text]<em><strong>Apr\u00e8s la brume\u00a0<\/strong><\/em><strong>d\u2019Estelle Rocchitelli (\u00e9ditions Dalva)<\/strong><\/p>\n<p><strong>R\u00e9sum\u00e9<\/strong> : Sur cette \u00eele battue par les vents, o\u00f9 les falaises plongent dans la mer et o\u00f9 la lande court \u00e0 perte de vue, c\u2019est entre les femmes que tout s\u2019organise. Les hommes, eux, travaillent en mer ou sur le continent. Pour tous, l\u2019\u00eele reste un refuge, magn\u00e9tique et paisible. Pourtant un jour, pendant une promenade avec sa classe, la petite Raph dispara\u00eet dans la brume et, quand le temps se l\u00e8ve, la fillette reste introuvable. Tandis que les femmes organisent la battue et que l\u2019inqui\u00e9tude s\u2019installe, la nature alentour se met \u00e0 r\u00e9sonner d\u2019une histoire trouble et sauvage.[\/vc_column_text][vc_empty_space height=&#8221;18px&#8221;]\t<\/div>\n<\/div><\/div>[vc_column_inner width=&#8221;1\/3&#8243;][\/vc_column_inner][\/vc_column][\/vc_row][vc_row content_placement=&#8221;middle&#8221; row_content_width=&#8221;grid&#8221; content_text_aligment=&#8221;center&#8221; css=&#8221;.vc_custom_1744962838688{padding-top: 0px !important;padding-bottom: 51px !important;}&#8221;][vc_column][vc_row_inner][vc_column_inner width=&#8221;2\/3&#8243;][vc_column_text]<\/p>\n<p style=\"text-align: left;\"><strong>Pour participer, RDV dans les biblioth\u00e8ques et structures partenaires du Prix des lecteurs :<\/strong><\/p>\n<p style=\"text-align: left;\"><strong>Val-d&#8217;Oise (95)<\/strong><\/p>\n<ul style=\"text-align: left;\">\n<li>Biblioth\u00e8que associative de Cormeilles-en-Vexin<\/li>\n<li>Biblioth\u00e8que d&#8217;Avernes<\/li>\n<li>Biblioth\u00e8que de Th\u00e9m\u00e9ricourt<\/li>\n<li>Biblioth\u00e8que de Us<\/li>\n<li>Biblioth\u00e8que des Dames Gilles &#8211; Vaur\u00e9al<\/li>\n<li>Foyer Rural de V\u00e9theuil<\/li>\n<li>Mairie de La Chapelle-en-Vexin<\/li>\n<li>M\u00e9diath\u00e8que de Boissy L&#8217;Aillerie<\/li>\n<li>M\u00e9MO &#8211; Osny<\/li>\n<\/ul>\n<p style=\"text-align: left;\"><strong>Yvelines (78)<\/strong><\/p>\n<ul style=\"text-align: left;\">\n<li>Biblioth\u00e8que de Bouafle<\/li>\n<li>Biblioth\u00e8que de Vert &#8211; Magnanville<\/li>\n<li>Biblioth\u00e8que multim\u00e9dia du Domaine Berson &#8211; Meulan-en-Yvelines<\/li>\n<li>Librairie La Nouvelle R\u00e9serve &#8211; Limay<\/li>\n<li>M\u00e9diath\u00e8que Blaise Cendrars &#8211; Conflans-Sainte-Honorine<\/li>\n<li>M\u00e9diath\u00e8que de Freneuse<\/li>\n<li>M\u00e9diath\u00e8que de Limay<\/li>\n<li>M\u00e9diath\u00e8que de Louveciennes<\/li>\n<li>M\u00e9diath\u00e8que de Porcheville<\/li>\n<li>M\u00e9diath\u00e8que Georges Duhamel &#8211; Mantes-la-Jolie<\/li>\n<li>M\u00e9diath\u00e8que Paul Val\u00e9ry &#8211; Gargenville<\/li>\n<\/ul>\n<p style=\"text-align: left;\"><strong>Eure (27)<\/strong><\/p>\n<ul>\n<li style=\"text-align: left;\">Mairie de Les Hogues<\/li>\n<li style=\"text-align: left;\">M\u00e9diath\u00e8que de Gasny<\/li>\n<\/ul>\n<p>[\/vc_column_text][\/vc_column_inner][vc_column_inner width=&#8221;1\/3&#8243;][vc_column_text]<\/p>\n<p style=\"text-align: left;\"><strong>Retour sur l\u2019\u00e9dition 2024\u2026<\/strong><\/p>\n<p style=\"text-align: left;\">La laur\u00e9ate du premier Prix des lecteurs du festival\u00a0<em>Le Ch\u00e2teau se Livre<\/em>, organis\u00e9 en 2024,\u00a0est Bettina Wohlfarth, autrice du livre\u00a0<em>Le temps des faussaires<\/em>\u00a0!<\/p>\n<p><img loading=\"lazy\" decoding=\"async\" class=\"alignleft wp-image-5844\" src=\"https:\/\/www.chateaudelarocheguyon.fr\/le-chateau-se-livre\/wp-content\/uploads\/2025\/02\/Laureate-2024-1-724x1024.jpg\" alt=\"\" width=\"430\" height=\"608\" srcset=\"https:\/\/www.chateaudelarocheguyon.fr\/le-chateau-se-livre\/wp-content\/uploads\/2025\/02\/Laureate-2024-1-724x1024.jpg 724w, https:\/\/www.chateaudelarocheguyon.fr\/le-chateau-se-livre\/wp-content\/uploads\/2025\/02\/Laureate-2024-1-212x300.jpg 212w, https:\/\/www.chateaudelarocheguyon.fr\/le-chateau-se-livre\/wp-content\/uploads\/2025\/02\/Laureate-2024-1-768x1086.jpg 768w, https:\/\/www.chateaudelarocheguyon.fr\/le-chateau-se-livre\/wp-content\/uploads\/2025\/02\/Laureate-2024-1-1086x1536.jpg 1086w, https:\/\/www.chateaudelarocheguyon.fr\/le-chateau-se-livre\/wp-content\/uploads\/2025\/02\/Laureate-2024-1-1448x2048.jpg 1448w, https:\/\/www.chateaudelarocheguyon.fr\/le-chateau-se-livre\/wp-content\/uploads\/2025\/02\/Laureate-2024-1-scaled.jpg 1810w\" sizes=\"auto, (max-width: 430px) 100vw, 430px\" \/>[\/vc_column_text][\/vc_column_inner][\/vc_row_inner][vc_empty_space height=&#8221;53px&#8221;][\/vc_column][\/vc_row]<\/p>\n","protected":false},"excerpt":{"rendered":"<p>[vc_row content_placement=&#8221;middle&#8221; row_content_width=&#8221;grid&#8221; content_text_aligment=&#8221;center&#8221; css=&#8221;.vc_custom_1572272203446{padding-top: 147px !important;padding-bottom: 51px !important;}&#8221;][vc_column][vc_row_inner][vc_column_inner][vc_empty_space height=&#8221;53px&#8221;][vc_column_text] Le festival de litt\u00e9rature \u00ab Le Ch\u00e2teau se Livre \u00bb organise pour la deuxi\u00e8me fois un Prix des Lecteurs en partenariat avec des biblioth\u00e8ques, m\u00e9diath\u00e8ques, foyers ruraux et communes des [&hellip;]<\/p>\n","protected":false},"author":1,"featured_media":0,"parent":0,"menu_order":0,"comment_status":"closed","ping_status":"closed","template":"full-width.php","meta":{"footnotes":""},"class_list":["post-1054","page","type-page","status-publish","hentry"],"_links":{"self":[{"href":"https:\/\/www.chateaudelarocheguyon.fr\/le-chateau-se-livre\/wp-json\/wp\/v2\/pages\/1054","targetHints":{"allow":["GET"]}}],"collection":[{"href":"https:\/\/www.chateaudelarocheguyon.fr\/le-chateau-se-livre\/wp-json\/wp\/v2\/pages"}],"about":[{"href":"https:\/\/www.chateaudelarocheguyon.fr\/le-chateau-se-livre\/wp-json\/wp\/v2\/types\/page"}],"author":[{"embeddable":true,"href":"https:\/\/www.chateaudelarocheguyon.fr\/le-chateau-se-livre\/wp-json\/wp\/v2\/users\/1"}],"replies":[{"embeddable":true,"href":"https:\/\/www.chateaudelarocheguyon.fr\/le-chateau-se-livre\/wp-json\/wp\/v2\/comments?post=1054"}],"version-history":[{"count":93,"href":"https:\/\/www.chateaudelarocheguyon.fr\/le-chateau-se-livre\/wp-json\/wp\/v2\/pages\/1054\/revisions"}],"predecessor-version":[{"id":6151,"href":"https:\/\/www.chateaudelarocheguyon.fr\/le-chateau-se-livre\/wp-json\/wp\/v2\/pages\/1054\/revisions\/6151"}],"wp:attachment":[{"href":"https:\/\/www.chateaudelarocheguyon.fr\/le-chateau-se-livre\/wp-json\/wp\/v2\/media?parent=1054"}],"curies":[{"name":"wp","href":"https:\/\/api.w.org\/{rel}","templated":true}]}}